*4/24 + 2*v**3/3 - 8*v**2. What are the prime factors of r(5)?
2, 17
Suppose 25*l - 26*l + 524 = 0. List the prime factors of l.
2, 131
Suppose -2*r - r = -45. Let u = r + -17. What are the prime factors of 2 + 10 - u/1?
2, 7
Let x be (-1 + -4)/(1/(-5)). Suppose 65 = t - x. Let i = 127 - t. What are the prime factors of i?
37
Suppose -6*k + 2080 = -k - 5*o, 3*k + o = 1268. List the prime factors of k.
421
Let d(l) = 238*l - 213. What are the prime factors of d(6)?
3, 5
Let h(w) = -534*w + 317. What are the prime factors of h(-5)?
29, 103
Suppose -28729 - 64679 = -112*f. What are the prime factors of f?
2, 3, 139
List the prime factors of (-10*(-2)/(-12))/((-2)/72).
2, 3, 5
What are the prime factors of 16/(-6)*15900/(-25)?
2, 53
Suppose -4*t - 5*v - 25 = 0, -5*t - 15 = v + 2*v. Suppose t = 4*z - 209 - 223. Suppose w + 3*w = z. What are the prime factors of w?
3
Suppose -6 = 2*a - 116. Suppose -5*b + a = -4*b. What are the prime factors of b?
5, 11
Suppose -2*g + 5*p - 3*p + 1244 = 0, -10 = -2*p. List the prime factors of g.
3, 11, 19
Suppose 3 = 4*z + c, 0 - 12 = 4*z + 4*c. Let l(o) = -o**3 + 22*o**2 + 22*o + 37. Let p be l(23). Suppose -z = f - p. What are the prime factors of f?
2, 3
Suppose -24*l + 103476 = 42732. What are the prime factors of l?
2531
Let r be (1 + (-35)/25)*-70. Let d = 35 - r. Suppose -4*u - 2*z = z + 3, d = -u - 2*z. List the prime factors of u.
3
Let t be (155 - 0) + 1/(3 - 2). Let k = 291 - t. List the prime factors of k.
3, 5
Let d(i) = -621*i - 3. What are the prime factors of d(-1)?
2, 3, 103
Suppose -10975 = -12*x - 139. What are the prime factors of x?
3, 7, 43
Let n = 29 - -147. Suppose -11*s + n = -9*s. What are the prime factors of s?
2, 11
Let n(q) = 4*q + 10. Let a(l) = -l**3 + 5*l**2 - 2*l. Let r be a(4). What are the prime factors of n(r)?
2, 3, 7
Let h(m) be the third derivative of m**6/30 - m**5/30 + m**4/12 - 2*m**2. Let q(s) = -s**3 - s. Let z be q(-1). List the prime factors of h(z).
2, 7
Suppose 0*i = -i - 248. Let f = -157 - i. What are the prime factors of f?
7, 13
List the prime factors of 40/3*((-1225)/(-14) + -2).
2, 3, 5, 19
Let z(x) = 100*x + 72. What are the prime factors of z(16)?
2, 11, 19
What are the prime factors of (8*20/3)/((-45)/(-540))?
2, 5
Suppose 4*n - 8*n + 778 = 5*v, -6 = -3*n. Suppose 160 = 5*y + 2*h, 3*h = 5*y - 31 - v. List the prime factors of y.
2, 17
Let u = -68 + 119. Let f be (-1 + 0)/(3/u). Let k = -12 - f. List the prime factors of k.
5
Let i be 7 + -2 + 0 - 0. Suppose i*l + 5*r - 560 = 0, 0 = -l - l - 4*r + 226. What are the prime factors of l?
3, 37
Let q(t) = 75*t**2 + t - 1. Let a be q(1). Let v = a + -49. Let d = v - 6. List the prime factors of d.
2, 5
Let k = -13 + 30. Suppose 7 = 3*w - k. What are the prime factors of w?
2
Let a = 3 - 1. Suppose 4*j - 49 - 49 = a*m, -3*j + 4*m + 76 = 0. Suppose -3*g + 57 = j. List the prime factors of g.
11
Suppose 0 = -2*b - 2, -2*j + 822 = -4*b - 676. What are the prime factors of j?
3, 83
Let j = 1662 - 802. What are the prime factors of j?
2, 5, 43
Suppose -3*k = 6, 5*i + 3*k - 359 = 5*k. What are the prime factors of i?
71
Suppose 0 = -5*m, 4*m = 5*t - 0*m. Suppose -5*d + h + 331 = t, 2*d = -0*d - 3*h + 129. What are the prime factors of d?
2, 3, 11
Suppose 0 = -5*j + 2*m + 3*m + 5, -3*j - 4*m = -3. Suppose -s = 2*c + 2*c - 2, -3*c + 49 = -4*s. What are the prime factors of (j - 23)*5/s?
11
What are the prime factors of (1/4)/((-6)/(-23928))?
997
Let o(i) be the third derivative of 77*i**6/60 - i**5/60 - i**4/12 + i**3/3 + 2*i**2. Let u be o(1). Suppose -5*d + 52 + u = 0. What are the prime factors of d?
41
Let x(b) = b**3 - 16*b**2 - 18*b - 3. Let a be x(16). Let p = 511 + a. What are the prime factors of p?
2, 5, 11
Suppose 2*u = -2*d + 16, 0*u + 5*d - 34 = -3*u. Suppose u*s + 0 = 6. Suppose 0*g + x = 5*g - 61, -s*x + 34 = 2*g. List the prime factors of g.
13
Suppose -49*v = -55*v + 1122. What are the prime factors of v?
11, 17
Suppose -2*b = 3*z - 0*b - 28, 0 = -3*z + b + 31. Let j = 12 + z. Let l = j + 27. What are the prime factors of l?
7
Suppose -7*w = -2*w - 440. Suppose -6*z + w = -4*z. Suppose -52 = -4*x + z. List the prime factors of x.
2, 3
Let d(o) = o**2 - 11*o - 6. Let n(z) = -5*z**2 + 44*z + 23. Let q(c) = 9*d(c) + 2*n(c). Let f be q(-9). Suppose -40 = -2*s - f. What are the prime factors of s?
3, 5
Let p = -927 + 5736. List the prime factors of p.
3, 7, 229
Suppose 280 = -4*v + 5176. List the prime factors of v.
2, 3, 17
Suppose 2*y + 2*m = 5*y - 1576, 0 = 3*y - 5*m - 1582. What are the prime factors of y?
2, 131
Let l = 10 - 7. Suppose 0 = -v + l, -5*v = -5*b + 7 + 8. What are the prime factors of b?
2, 3
Suppose -4*y + 13 = -3. Suppose y*j - 22 = 210. Suppose -4*q - b = 2*b - 68, -3*q = 4*b - j. What are the prime factors of q?
2, 7
Suppose 4*s + 0*s - 32 = 4*a, 4*a = -4. Suppose s = -4*i - 9. List the prime factors of -1*4 - 80/i.
2
Suppose 3*o - 4*u + 324 = 7, 2*o - 3*u = -213. Let k = -69 - o. List the prime factors of k.
2, 3, 5
Let s = 20 + -74. Let g(i) = 6*i + 8. Let k be g(-6). Let l = k - s. List the prime factors of l.
2, 13
Let x(h) = -h**3 - h. Let m(w) = w**3 + 3*w**2 + 2*w. Let i(g) = -m(g) - 2*x(g). Let c be i(3). What are the prime factors of (c - -1) + 52 + 2?
5, 11
Let g = 551 - 234. List the prime factors of g.
317
Suppose -p = 2*m - 13 - 14, -2*p - 2*m = -56. Let h = 32 - p. Suppose -20 = -a - h*a. List the prime factors of a.
5
Let p be ((2 - 1) + -2)*0. Suppose -3*n + 60 = -5*g - 8, p = n + 4*g. List the prime factors of n.
2
Let h be -15*1*(-18)/10. Let t be (2/6)/(9/h). What are the prime factors of 20/t + -2 + 1?
19
Suppose 12*l = 7489 + 4511. Suppose l = -19*c + 24*c. What are the prime factors of c?
2, 5
Let u(w) = -4*w - 17. Let g be u(-7). Suppose 0 = -4*l - g + 135. What are the prime factors of l?
31
Suppose 0 = 49*u - 48*u + 490. List the prime factors of (6/(-7))/(5/u).
2, 3, 7
Suppose 3*z - 1 - 11 = 0. Let v be (1/3)/(z/12). What are the prime factors of -1*v*(-2 - 23)?
5
Let c = 25 + -22. Suppose c*q - 37 = 242. What are the prime factors of q?
3, 31
Let t be 20 + 0 - (1 + -4 - -3). Let a = -10 + 61. Let j = a - t. What are the prime factors of j?
31
Suppose -5 = 6*f - 41. What are the prime factors of 3/f + (-3304)/(-16)?
3, 23
Let r = 767 - 483. Suppose 5*y = -5*u + 71 + r, -3*y = -2*u + 157. List the prime factors of u.
2, 37
Suppose 26*u - 24*u = 24. Suppose 0*n + u*n = 780. What are the prime factors of n?
5, 13
Let y(r) = 8*r + 57. List the prime factors of y(7).
113
Suppose -5*r + 2392 = 3*j - 5*j, -4*r = -4*j - 1904. Suppose 2*o = -6*o + r. List the prime factors of o.
2, 3, 5
Let g(r) = -15*r - 8. Let h be g(-3). Suppose 5*y + h = 4*v, 0 = -2*y - y - 15. List the prime factors of v.
3
Let d(s) = 3*s + 4. Let z(n) = 6*n + 8. Let y(o) = 5*d(o) - 3*z(o). What are the prime factors of y(-11)?
29
Let h(n) = -124*n - 914. List the prime factors of h(-13).
2, 349
Let d(h) = -2*h - 4. Let c(u) = -u - 5. Let f(z) = 3*c(z) - 2*d(z). Let l(b) = -b + 1. Let v be l(-8). List the prime factors of f(v).
2
Suppose -3*k = -8*k + 280. Suppose 241 = -11*h - 89. Let r = k + h. What are the prime factors of r?
2, 13
Let t = 15 + -152. Let f = 1 - t. List the prime factors of f.
2, 3, 23
Let o(y) = -4*y. Let n be o(-1). Suppose -3*v + 387 = n*h, 89 = v + 4*h - 32. What are the prime factors of v?
7, 19
Suppose 0 = u + 5*t - 70, 3*t = -u + 45 + 33. List the prime factors of u.
2, 3, 5
Let a(u) = u**3 - 10*u**2 - 2*u + 3. Let m be a(10). Let n be (-4)/(-14) - (-26)/7. Let x = n - m. List the prime factors of x.
3, 7
Let f be (-65)/(-52) - 3/(-4). Let u be (-1 - -1)*(-3)/(-6). Suppose -f*d - 3*d + 35 = u. What are the prime factors of d?
7
Let q = -26 - -24. Let c be (q - -3)*8/4. Suppose -p = 0, 3*j + c*j + p = 210. What are the prime factors of j?
2, 3, 7
List the prime factors of 639 + -4 + 28/4.
2, 3, 107
List the prime factors of (5 - 8155/(-14))/((-1)/(-2)).
5, 47
Suppose 0 = 4*g + 12, 2*x = 4*x + g + 1. Let b be (-33)/(-7) - (-18)/63. Suppose b*j = -3*u + 20, 5*j + x + 9 = -u. What are the prime factors of u?
3, 5
Let m(g) be the first derivative of -3*g**4/4 - 5*g**3/3 + 3*g + 47. List the prime factors of m(-5).
11, 23
Let y(m) = 4*m**2 - 2*m - 1. Suppose 5*d + 10 = 5*i, -